rs of 4261.
4261
What are the prime factors of 39280?
2, 5, 491
List the prime factors of 47582.
2, 37, 643
What are the prime factors of 100793?
7, 11, 17
List the prime factors of 878.
2, 439
What are the prime factors of 1084?
2, 271
List the prime factors of 28832.
2, 17, 53
What are the prime factors of 13097?
7, 1871
What are the prime factors of 948?
2, 3, 79
List the prime factors of 9146.
2, 17, 269
List the prime factors of 25.
5
List the prime factors of 1174.
2, 587
What are the prime factors of 30218?
2, 29, 521
List the prime factors of 1923.
3, 641
List the prime factors of 53022.
2, 3, 8837
List the prime factors of 28070.
2, 5, 7, 401
What are the prime factors of 55?
5, 11
List the prime factors of 19662.
2, 3, 29, 113
What are the prime factors of 7674?
2, 3, 1279
What are the prime factors of 1275?
3, 5, 17
What are the prime factors of 13734?
2, 3, 7, 109
What are the prime factors of 2133?
3, 79
List the prime factors of 12902.
2, 6451
What are the prime factors of 22962?
2, 3, 43, 89
List the prime factors of 100020.
2, 3, 5, 1667
What are the prime factors of 61?
61
What are the prime factors of 1349?
19, 71
List the prime factors of 13208.
2, 13, 127
What are the prime factors of 545?
5, 109
List the prime factors of 5488.
2, 7
List the prime factors of 3366.
2, 3, 11, 17
What are the prime factors of 788?
2, 197
List the prime factors of 63642.
2, 3, 10607
What are the prime factors of 2539?
2539
List the prime factors of 8047.
13, 619
What are the prime factors of 839?
839
List the prime factors of 662.
2, 331
What are the prime factors of 11203?
17, 659
List the prime factors of 2885.
5, 577
List the prime factors of 23882.
2, 11941
What are the prime factors of 81493?
227, 359
What are the prime factors of 1920?
2, 3, 5
What are the prime factors of 29245?
5, 5849
What are the prime factors of 4829?
11, 439
List the prime factors of 1470.
2, 3, 5, 7
List the prime factors of 5043.
3, 41
What are the prime factors of 10498?
2, 29, 181
List the prime factors of 1303.
1303
What are the prime factors of 13457?
13457
List the prime factors of 35158.
2, 17579
List the prime factors of 1180.
2, 5, 59
What are the prime factors of 103?
103
List the prime factors of 8661.
3, 2887
List the prime factors of 1333.
31, 43
What are the prime factors of 1901?
1901
List the prime factors of 32490.
2, 3, 5, 19
What are the prime factors of 4632?
2, 3, 193
List the prime factors of 273.
3, 7, 13
List the prime factors of 5110.
2, 5, 7, 73
List the prime factors of 8757.
3, 7, 139
List the prime factors of 54125.
5, 433
What are the prime factors of 1053?
3, 13
List the prime factors of 1211.
7, 173
List the prime factors of 3306.
2, 3, 19, 29
List the prime factors of 916.
2, 229
List the prime factors of 2939.
2939
List the prime factors of 3198.
2, 3, 13, 41
What are the prime factors of 3360?
2, 3, 5, 7
What are the prime factors of 4097?
17, 241
What are the prime factors of 30681?
3, 7, 487
List the prime factors of 8990.
2, 5, 29, 31
What are the prime factors of 3400?
2, 5, 17
What are the prime factors of 118489?
7, 16927
List the prime factors of 8.
2
What are the prime factors of 585?
3, 5, 13
What are the prime factors of 2283?
3, 761
List the prime factors of 235.
5, 47
List the prime factors of 6718.
2, 3359
List the prime factors of 1594.
2, 797
List the prime factors of 157881.
3, 52627
List the prime factors of 1140.
2, 3, 5, 19
What are the prime factors of 1085?
5, 7, 31
List the prime factors of 1070.
2, 5, 107
List the prime factors of 1836.
2, 3, 17
List the prime factors of 43.
43
What are the prime factors of 11374?
2, 11, 47
List the prime factors of 79039.
79039
What are the prime factors of 60487?
7, 8641
List the prime factors of 3427.
23, 149
List the prime factors of 10703.
7, 11, 139
List the prime factors of 41641.
41641
List the prime factors of 28425.
3, 5, 379
List the prime factors of 27890.
2, 5, 2789
List the prime factors of 6069.
3, 7, 17
List the prime factors of 4240.
2, 5, 53
List the prime factors of 249.
3, 83
What are the prime factors of 24919?
24919
What are the prime factors of 28440?
2, 3, 5, 79
What are the prime factors of 8077?
41, 197
List the prime factors of 5138.
2, 7, 367
What are the prime factors of 1449?
3, 7, 23
What are the prime factors of 25848?
2, 3, 359
What are the prime factors of 12848?
2, 11, 73
What are the prime factors of 514?
2, 257
List the prime factors of 13789.
13789
List the prime factors of 18411.
3, 17, 19
List the prime factors of 174311.
174311
List the prime factors of 23939.
37, 647
List the prime factors of 24910.
2, 5, 47, 53
What are the prime factors of 18919?
18919
What are the prime factors of 1764?
2, 3, 7
What are the prime factors of 12495?
3, 5, 7, 17
What are the prime factors of 3221?
3221
List the prime factors of 11479.
13, 883
List the prime factors of 708.
2, 3, 59
List the prime factors of 18557.
7, 11, 241
What are the prime factors of 10029?
3, 3343
List the prime factors of 6665.
5, 31, 43
What are the prime factors of 530?
2, 5, 53
What are the prime factors of 30134?
2, 13, 19, 61
List the prime factors of 1776.
2, 3, 37
List the prime factors of 4247.
31, 137
What are the prime factors of 64468?
2, 71, 227
What are the prime factors of 41929?
23, 1823
List the prime factors of 6315.
3, 5, 421
List the prime factors of 982.
2, 491
What are the prime factors of 1472?
2, 23
What are the prime factors of 63287?
7, 9041
List the prime factors of 15508.
2, 3877
List the prime factors of 1128.
2, 3, 47
List the prime factors of 144839.
144839
What are the prime factors of 6607?
6607
List the prime factors of 4117.
23, 179
What are the prime factors of 955?
5, 191
What are the prime factors of 11078?
2, 29, 191
List the prime factors of 206099.
43, 4793
What are the prime factors of 1078?
2, 7, 11
What are the prime factors of 70186?
2, 19, 1847
List the prime factors of 2050.
2, 5, 41
List the prime factors of 25990.
2, 5, 23, 113
What are the prime factors of 25252?
2, 59, 107
What are the prime factors of 393?
3, 131
List the prime factors of 219.
3, 73
What are the prime factors of 6524?
2, 7, 233
What are the prime factors of 26603?
37, 719
What are the prime factors of 2076?
2, 3, 173
What are the prime factors of 26201?
7, 19, 197
What are the prime factors of 1449?
3, 7, 23
List the prime factors of 11416.
2, 1427
What are the prime factors of 71696?
2, 4481
List the prime factors of 39572.
2, 13, 761
What are the prime factors of 600?
2, 3, 5
What are the prime factors of 12122?
2, 11, 19, 29
What are the prime factors of 58513?
7, 13, 643
What are the prime factors of 5332?
2, 31, 43
What are the prime factors of 6526?
2, 13, 251
What are the prime factors of 457?
457
List the prime factors of 5677.
7, 811
What are the prime factors of 684?
2, 3, 19
What are the prime factors of 18339?
3, 6113
What are the prime factors of 8579?
23, 373
List the prime factors of 226.
2, 113
What are the prime factors of 3116?
2, 19, 41
What are the prime factors of 2739?
3, 11, 83
List the prime factors of 41682.
2, 3, 6947
List the prime factors of 11075.
5, 443
What are the prime factors of 9759?
3, 3253
List the prime factors of 6911.
6911
What are the prime factors of 1838?
2, 919
What are the prime factors of 1157?
13, 89
List the prime factors of 37397.
37397
What are the prime factors of 13357?
19, 37
List the prime factors of 8067.
3, 2689
List the prime factors of 4825.
5, 193
What are the prime factors of 1847?
1847
What are the prime factors of 2496?
2, 3, 13
What are the prime factors of 2215?
5, 443
List the prime factors of 7183.
11, 653
What are the prime factors of 82468?
2, 53, 389
List the prime factors of 679.
7, 97
What are the prime factors of 7533?
3, 31
List the prime factors of 604.
2, 151
What are the prime factors of 25308?
2, 3, 19, 37
List the prime factors of 1482.
2, 3, 13, 19
What are the prime factors of 3260?
2, 5, 163
List the prime factors of 44209.
11, 4019
What are the prime factors of 830?
2, 5, 83
List the prime factors of 45945.
3, 5, 1021
List the prime factors of 3564.
2, 3, 11
List the prime factors of 3447.
3, 383
List the prime factors of 31547.
31547
What are the prime factors of 1845?
3, 5,